e (-1592)/(-72)*2 - (-4)/(-18). Suppose 0 = -11*q + 44 + w. Calculate the highest common divisor of q and u.
8
Let q(w) = 3*w**2 - 33*w + 57. Let u be q(16). Calculate the greatest common divisor of 54 and u.
27
Let k = -174 + 187. What is the greatest common factor of 65 and k?
13
Let m(l) = -l**2 - 24*l + 315. Let g be m(-31). Calculate the highest common factor of g and 14.
14
Let d = -271 + 304. What is the greatest common divisor of d and 24?
3
Let s be ((-15)/10)/(2/(-44)). Suppose -s = -3*l - 0*f - 3*f, -4 = -f. Suppose 0 = -h + 53 + 10. What is the greatest common divisor of l and h?
7
Let s be (-2)/(4/(-1))*50. Suppose -3710 = 7*h - 5110. What is the greatest common divisor of h and s?
25
Let r(a) = -14*a - a**2 - 6 + 10 + 21 + 3. Let g be r(-12). Calculate the highest common factor of 78 and g.
26
Suppose -h - 3*h + 4*c = 660, -2*c = -6. Let o = h + 232. Calculate the highest common factor of o and 10.
10
Suppose 90*q - 89*q = 16. Let d be (-24)/(-2)*(-2)/3. Let f be (-70)/d + 4/q. What is the greatest common divisor of 45 and f?
9
Let u(d) = d**3 + 6*d**2. Let m be u(-6). Suppose -5*f + 12 + 38 = m. What is the highest common divisor of f and 40?
10
Let u be -4 - -3 - 20/(-1). Let y(d) = 107*d - 5714. Let v be y(55). What is the highest common divisor of u and v?
19
Let c be ((21/2)/7)/(15/20). Suppose 4*o + 2*p - 80 = -c*p, 4*o - 68 = 2*p. Let t = 29 - 2. What is the greatest common divisor of t and o?
9
Suppose -w + 21 = -5*y, w - 4*w + 2*y + 24 = 0. Let q(n) = 7*n - 30. Let t be q(w). Calculate the highest common divisor of t and 36.
12
Suppose -388 + 382 = -3*s. Suppose v = 20 - 4. Calculate the greatest common divisor of s and v.
2
Let s be (5 - 1)/4*141 + 3. What is the highest common factor of s and 18?
18
Let y be (-10)/((-33)/9 + 2 + 1). Suppose -k + 8 = 3*b - 10, -b = -2*k - 6. Let m = b - -54. Calculate the greatest common factor of y and m.
15
Let m be 78*(56/(-12) + 5). Calculate the highest common factor of 4 and m.
2
Let h = 9 + -15. Let i be 2/((h/2)/(-33)). What is the greatest common factor of i and 88?
22
Suppose 0 = -18*f + 1327 + 833. Calculate the greatest common factor of 72 and f.
24
Let d = -1450 + 2674. What is the highest common factor of 72 and d?
72
Let y = 165 + -57. Calculate the greatest common divisor of y and 378.
54
Let o be 38/7 + (-27)/63. What is the greatest common factor of o and 27?
1
Let z(p) = -p**2 - 17*p + 6. Let t be z(-18). Let x be (1/(3/8))/(t/(-162)). What is the highest common factor of x and 6?
6
Let y = 17 + -15. Suppose 0 = -4*d - 20, -y*m + 0 = -5*d - 33. Suppose -25 = -m*j + 3. Calculate the greatest common factor of j and 77.
7
Let p = -1277 + 1301. What is the highest common divisor of p and 468?
12
Let z(c) = -7*c + 1. Let j be z(-2). Suppose -2*h - h + j = 0. What is the greatest common divisor of h and 35?
5
Let o be ((-8)/12)/(2/(-15)). Suppose 3*k - 3*s = 132 - 15, -4*s + 84 = 2*k. Let d = k + -38. Calculate the greatest common factor of d and o.
1
Suppose 4*x + 6 = 3*x. Let i be 4/x + 2/3. Suppose 5*m = 4*l + 15, -m + 2*m + 5*l - 32 = i. What is the highest common divisor of 7 and m?
7
Suppose -136 = -m + 4*c, -40 = m + 3*c - 148. Let f be 2/(-1) - (-6 - 11). Calculate the highest common divisor of m and f.
15
Suppose l = 13 - 4. Suppose l*b = 2*b + 343. Calculate the greatest common divisor of 7 and b.
7
Suppose -5*s + 390 = 4*c - 337, -5*c = 10. What is the highest common divisor of 3 and s?
3
Let k = 27 - 28. Let p(g) = -12*g - 1. Let o be p(k). What is the greatest common factor of 11 and o?
11
Suppose 2 = 3*n - n, 3*s - 3*n = 6. Suppose -s*c + 308 = 8*c. Calculate the greatest common factor of 28 and c.
28
Let p(k) = 5*k**2 - 4*k - 4. Let f be p(-1). Suppose -r - 4*l + 158 = 0, f*r + 2*l = 638 + 134. What is the highest common divisor of r and 14?
14
Let t(l) = l**3 + 14*l**2 - 17*l + 32. Let q be t(-14). Calculate the highest common divisor of 378 and q.
54
Let j(h) = -h**3 - 4*h**2 - 3*h + 4. Let m be j(-3). Suppose m*z + 18 = 46. Calculate the highest common divisor of 7 and z.
7
Suppose -x + 4 = -3*x, -5*f + 21 = -3*x. Let g(t) = 2*t - 7. Let p be g(6). Let b(d) = 3*d + 6. Let i be b(p). Calculate the greatest common divisor of f and i.
3
Let f be (0 - 0/2) + 2. Suppose 0 = -2*o + o + f. Suppose -2*l + 19 = 3*l - o*i, 0 = -5*l - 2*i + 31. Calculate the highest common divisor of l and 10.
5
Let j = -427 + 580. What is the highest common divisor of 72 and j?
9
Let c(o) = o + 64. Let y be c(16). Let w = 155 - y. Calculate the greatest common divisor of 15 and w.
15
Let m(r) = -28*r - 3. Let w be m(6). Let z be w/(-12) - (-7)/(-28). Let c(s) = 19*s - 3. Let v be c(2). What is the highest common factor of v and z?
7
Suppose -20 = 4*v + 3*s, -4*v = -3*v - 4*s - 14. Let d be (-2)/((-5)/(50/4)). Let k be v/d - 117/(-5). Calculate the highest common divisor of k and 161.
23
Suppose -2*f - 4*h + 108 = 0, 5*f - 3*h = 3*f + 108. What is the highest common divisor of f and 72?
18
Suppose 5*g - 120 = g. Let p = 3 + -1. Suppose -s - p*s = -g. Calculate the highest common divisor of 90 and s.
10
Suppose -2*u - 4*v + 224 = 2*u, -3*v = 4*u - 228. Let i be -12*(21/(-6) + 3). What is the greatest common divisor of u and i?
6
Let s be (-2)/(-2)*1 + 6. Let g be ((-70)/(-4))/(6/84). Suppose -12*d - g = -19*d. What is the highest common divisor of d and s?
7
Suppose o - 76 = -3*o. Let j be 1714/18 + 4/(-18). Calculate the highest common factor of j and o.
19
Suppose c - 10 - 62 = 0. What is the highest common factor of 27 and c?
9
Let u(y) = y**3 - 4*y**2 - 18*y + 9. Let v be u(7). What is the highest common factor of 105 and v?
15
Suppose 75 = -13*b - 3. Let z be 10 - b*4/8. What is the highest common factor of z and 169?
13
Suppose 6 = -3*c + 120. Suppose -1674 = -5*f + 36. Calculate the highest common factor of c and f.
38
Let p = -10 + 17. Let r = 14 + -11. Suppose 0 = -r*h + 20 + p. Calculate the greatest common divisor of h and 6.
3
Let s(o) = o**2 - 2*o - 34. Let c be s(7). Calculate the highest common divisor of c and 19.
1
Suppose -3*h = 3*t - 651, -5*t = -10*t + h + 1067. What is the greatest common factor of t and 321?
107
Suppose 2*j - 1320 = -5*h, -j - 45*h = -41*h - 666. Calculate the highest common factor of j and 26.
26
Let f be (12/1)/(9 - 8). Let a be 3/f + (781/4)/11. Calculate the highest common factor of a and 72.
18
Let x be (0 + -12)*(-12)/18. Suppose -10*w + 184 = -x*w. Suppose 48 = 3*s - 2*s + 2*d, 0 = -2*s - 5*d + w. Calculate the greatest common factor of s and 14.
14
Let x(i) = -i + 23. Let m be x(-11). Suppose -2*g - 55 = -3*j - 6*g, -2*g + 2 = 0. What is the greatest common factor of m and j?
17
Let n = 1069 + -757. Let f be (-2)/3 - (-357)/9. Calculate the highest common factor of f and n.
39
Let p(z) = z**2 + 3*z - 53. Let i be p(-13). Let v = 10 + -5. Suppose m = -v, -n - m = 2*m + 4. Calculate the highest common factor of n and i.
11
Suppose 3*t = -4*d + 464, -23*d + 3*t = -19*d - 488. Calculate the highest common factor of d and 7.
7
Suppose -3*k + 2*k = -88. Let d(f) = -f**3 + 36*f**2 - 57*f - 363. Let y be d(34). Calculate the greatest common divisor of y and k.
11
Let d = 24 - 16. Suppose d*u - 76 = 140. Let w = -2 + 83. What is the highest common divisor of w and u?
27
Let m = 6 - -16. Suppose 13*c = 17*c - 144. Let f = c - m. What is the highest common factor of f and 154?
14
Suppose -4*w + 96 = 2*u, -117 = -2*u + w - 41. Suppose -5*x - 8 = 7. Let b be (-49)/x - 1/3. What is the highest common divisor of b and u?
8
Let h(x) = x**2 + 9*x + 23. Let l be h(-12). What is the greatest common divisor of l and 354?
59
Suppose -49*c + 43*c + 10368 = 0. What is the greatest common factor of 18 and c?
18
Let z = -1032 - -1067. Let b be (-4)/(-6) - 1466/(-6). What is the highest common factor of z and b?
35
Suppose -504*q + 521*q = 17. Calculate the greatest common divisor of 71 and q.
1
Let i be 87*-3*4/18. Let a = i - -100. Calculate the greatest common factor of 56 and a.
14
Let d(g) = 169*g - 74. Let i be d(2). Calculate the highest common factor of i and 96.
24
Suppose -4*z - 2*z = -888. What is the highest common divisor of 74 and z?
74
Let s be 2 + 1 - (-9 + 8). Let x(j) = -2*j - 4*j**3 + 3 + 3*j**3 - 4 + 5*j**2. Let b be x(s). Calculate the gr